{"id":1642,"date":"2023-10-12T12:20:46","date_gmt":"2023-10-12T10:20:46","guid":{"rendered":"https:\/\/laflordelavida.cat\/w\/?page_id=1642"},"modified":"2023-10-18T19:32:18","modified_gmt":"2023-10-18T17:32:18","slug":"testimonios","status":"publish","type":"page","link":"https:\/\/laflordelavida.cat\/w\/es\/testimonios\/","title":{"rendered":"Testimonios"},"content":{"rendered":"<p><img loading=\"lazy\" decoding=\"async\" class=\"alignnone wp-image-118\" src=\"http:\/\/laflordelavida.cat\/w\/wp-content\/uploads\/2020\/08\/3-forces-1.jpg\" alt=\"\" width=\"1335\" height=\"570\" \/><\/p>\n<p><img loading=\"lazy\" decoding=\"async\" class=\"wp-image-674 alignleft\" src=\"http:\/\/laflordelavida.cat\/w\/wp-content\/uploads\/2021\/07\/nenufar-retallat.jpg\" alt=\"\" width=\"301\" height=\"173\" \/><\/p>\n<p><span style=\"font-family: 'trebuchet ms', geneva, sans-serif; color: #800080;\"><em><strong>TESTIMONIOS BIOGRAF\u00cdA<\/strong><\/em><\/span><\/p>\n<p><span style=\"font-family: 'trebuchet ms', geneva, sans-serif; color: #808080;\"><em>A Angelina, le tengo una profunda admiraci\u00f3n por todo lo que hace, desde donde lo hace, c\u00f3mo lo hace y c\u00f3mo lo transmite. Siendo capaz de generar espacios, donde las palabras tienen un significado y sentido que va m\u00e1s all\u00e1. Todo un camino que me hace disfrutar con cari\u00f1o, amor y sabidur\u00eda. Me siento agradecida por compartir con Angelina estos momentos tan necesarios para nuestro Esp\u00edritu.<br \/>\n<\/em><\/span><span style=\"font-family: 'trebuchet ms', geneva, sans-serif; color: #808080;\"><em>Guillermina Sunyer<\/em><\/span><\/p>\n<p>&nbsp;<\/p>\n<p><em><img loading=\"lazy\" decoding=\"async\" class=\"wp-image-786 alignright\" src=\"http:\/\/laflordelavida.cat\/w\/wp-content\/uploads\/2021\/07\/Sant-Francesc-d-assis-1.jpg\" alt=\"\" width=\"105\" height=\"329\" \/><span style=\"font-family: 'trebuchet ms', geneva, sans-serif; color: #808080;\">Ha sido un tesoro hacer la biograf\u00eda con Angelina. Su c\u00e1lido y clarificador acompa\u00f1amiento a lo largo de todos los per\u00edodos y septenios de mi vida me ha permitido ordenar, vincular, comprender y encontrar un sentido a los m\u00faltiples eventos biogr\u00e1ficos.<\/span><\/em><\/p>\n<p><span style=\"font-family: 'trebuchet ms', geneva, sans-serif; color: #808080;\"><em>La sensaci\u00f3n que tengo es de haber cambiado la mirada, abrirla a un paisaje completo con cielo, aire, sol, agua y tierra donde antes s\u00f3lo ve\u00eda una parte. El paisaje se iba ampliando a medida que avanz\u00e1bamos en los septenios y al completar el trabajo biogr\u00e1fico, este paisaje era completo. Actualmente tengo otro sentir, una perspectiva ampliada ante los mismos acontecimientos.<\/em><\/span><\/p>\n<p><span style=\"font-family: 'trebuchet ms', geneva, sans-serif; color: #808080;\"><em>Esta mirada tambi\u00e9n me ha permitido ser m\u00e1s consciente de mis cualidades, y me alienta a ser yo misma, a abrir mi coraz\u00f3n al mundo y aportar mis cualidades con acciones y sin miedo.\u00a0<\/em><\/span><\/p>\n<p><span style=\"font-family: 'trebuchet ms', geneva, sans-serif; color: #808080;\"><em>A medida que trabaj\u00e1bamos los diferentes septenios, se han dado situaciones en el presente que resolv\u00edan aspectos del pasado con un mayor entendimiento; encuentros con personas que hac\u00eda tiempo que no ve\u00eda y que hab\u00edan marcado mi vida, nuevas oportunidades para resolver situaciones&#8230; \u00bfCasualidad? No lo creo\u2026<\/em><\/span><\/p>\n<p><span style=\"font-family: 'trebuchet ms', geneva, sans-serif; color: #808080;\"><em>La\u00a0intenci\u00f3n\u00a0de ordenar y comprender en todo el proceso se ve potenciada por la entrega y sabidur\u00eda\u00a0sin juicio de Angelina\u00a0que corona siempre con un peculiar sentido del humor que es joya y\u00a0b\u00e1lsamo\u00a0para el esp\u00edritu. <\/em><\/span><\/p>\n<p><span style=\"font-family: 'trebuchet ms', geneva, sans-serif; color: #808080;\"><em>GRACIAS, ANGELINA.<\/em><\/span><\/p>\n<p><span style=\"font-family: 'trebuchet ms', geneva, sans-serif; color: #808080;\"><em>Marta Duran<\/em><\/span><\/p>\n<p>&nbsp;<\/p>\n<p><span style=\"font-family: 'trebuchet ms', geneva, sans-serif; color: #808080;\"><em><img loading=\"lazy\" decoding=\"async\" class=\"wp-image-661 alignleft\" src=\"http:\/\/laflordelavida.cat\/w\/wp-content\/uploads\/2021\/07\/angelet-de-vindre.jpg\" alt=\"\" width=\"137\" height=\"298\" \/><\/em><\/span><\/p>\n<p>&nbsp;<\/p>\n<p><span style=\"font-family: 'trebuchet ms', geneva, sans-serif; color: #808080;\"><em>Recuerdo con alegr\u00eda el proceso de trabajo biogr\u00e1fico realizado con Angelina hace m\u00e1s de seis a\u00f1os.<\/em><\/span><br \/>\n<span style=\"font-family: 'trebuchet ms', geneva, sans-serif; color: #808080;\"><em>Nuestros encuentros eran profundamente humanos y sanadores, donde la propia biograf\u00eda iba brotando de forma natural y espont\u00e1nea.<\/em><\/span><br \/>\n<span style=\"font-family: 'trebuchet ms', geneva, sans-serif; color: #808080;\"><em>Valoro especialmente la calidad de su tiempo, su entrega, su energ\u00eda acogedora y su confianza absoluta en el proceso de la Vida.<\/em><\/span><br \/>\n<span style=\"font-family: 'trebuchet ms', geneva, sans-serif; color: #808080;\"><em>Gracias por tu acompa\u00f1amiento amoroso, Angelina!!!<\/em><\/span><\/p>\n<p><span style=\"font-family: 'trebuchet ms', geneva, sans-serif; color: #808080;\"><em>N\u00faria Via<\/em><\/span><\/p>\n<p>&nbsp;<\/p>\n<p>&nbsp;<\/p>\n<p>&nbsp;<\/p>\n<p><span style=\"font-family: 'trebuchet ms', geneva, sans-serif; color: #808080;\"><em><strong><span style=\"color: #800080;\">TESTIMONIO RITUAL DE BODAS<\/span> <img loading=\"lazy\" decoding=\"async\" class=\"wp-image-667 alignright\" src=\"http:\/\/laflordelavida.cat\/w\/wp-content\/uploads\/2021\/07\/elefant-cera-blanca.jpg\" alt=\"\" width=\"78\" height=\"386\" \/><\/strong><\/em><\/span><\/p>\n<p><span style=\"font-family: 'trebuchet ms', geneva, sans-serif; color: #808080;\"><em>Cuando decidimos casarnos, quer\u00edamos celebrar una ceremonia diferente que respondiera a lo que cre\u00edamos, a lo que sent\u00edamos, con la m\u00fasica que realmente nos emociona. Con Angelina todo esto fue f\u00e1cil y sencillo. No s\u00f3lo porque su sensibilidad, precisi\u00f3n, trabajo y m\u00e9todo hizo realidad la forma, la estructura, el ritmo, sino que nos ayud\u00f3 a adentrarnos dentro en un camino de conciencia, de verdad, de por qu\u00e9 hab\u00edamos tomado esta decisi\u00f3n y de por qu\u00e9 la quer\u00edamos compartir con todos aquellos que amamos.<\/em><\/span><\/p>\n<p><span style=\"font-family: 'trebuchet ms', geneva, sans-serif; color: #808080;\"><em>Todo su acompa\u00f1amiento fue desde el respeto, acogiendo todas las religiones, pensando en lo que vincula a la pareja y fortaleci\u00e9ndolo. Escuchando siempre desde un lugar de apertura y respeto, fue construyendo con nosotros el ritual sagrado de nuestra uni\u00f3n, paso a paso, haci\u00e9ndolo nuestro, cuidando cada detalle con una entrega de coraz\u00f3n y cuidado por el trabajo bien hecho, coordinado desde lo f\u00edsico, emocional y espiritual.\u00a0<\/em><\/span><\/p>\n<p><span style=\"font-family: 'trebuchet ms', geneva, sans-serif; color: #808080;\"><em>Nos ha hecho crecer como pareja, adentrarnos en el sentido profundo de nuestra uni\u00f3n, en el que valoramos el uno del otro, lo que nos ayuda a d\u00eda de hoy a mantener nuestro amor. La estructura del ritual fue org\u00e1nica, fluida y fue envolviendo a todos los que nos acompa\u00f1aban con su diversidad que, a medida que avanzaba el ritual, lat\u00edan como un \u00fanico coraz\u00f3n con nosotros, sacralizando con cari\u00f1o nuestra uni\u00f3n de la mano de Angelina. Emoci\u00f3n\u00a0a flor de piel. Infinitamente\u00a0agradecidos. Gracias,\u00a0Angelina.<\/em><\/span><\/p>\n<p><span style=\"font-family: 'trebuchet ms', geneva, sans-serif; color: #808080;\"><em>Marta y Roger<\/em><\/span><\/p>\n<p>&nbsp;<\/p>\n<p><span style=\"font-family: 'trebuchet ms', geneva, sans-serif; color: #808080;\"><em><strong><img loading=\"lazy\" decoding=\"async\" class=\"wp-image-666 alignleft\" src=\"http:\/\/laflordelavida.cat\/w\/wp-content\/uploads\/2021\/07\/detall-llibre.jpg\" alt=\"\" width=\"281\" height=\"178\" srcset=\"https:\/\/laflordelavida.cat\/w\/wp-content\/uploads\/2021\/07\/detall-llibre.jpg 2244w, https:\/\/laflordelavida.cat\/w\/wp-content\/uploads\/2021\/07\/detall-llibre-300x189.jpg 300w, https:\/\/laflordelavida.cat\/w\/wp-content\/uploads\/2021\/07\/detall-llibre-1024x647.jpg 1024w, https:\/\/laflordelavida.cat\/w\/wp-content\/uploads\/2021\/07\/detall-llibre-768x485.jpg 768w, https:\/\/laflordelavida.cat\/w\/wp-content\/uploads\/2021\/07\/detall-llibre-600x379.jpg 600w, https:\/\/laflordelavida.cat\/w\/wp-content\/uploads\/2021\/07\/detall-llibre-1536x970.jpg 1536w, https:\/\/laflordelavida.cat\/w\/wp-content\/uploads\/2021\/07\/detall-llibre-2048x1293.jpg 2048w\" sizes=\"auto, (max-width: 281px) 100vw, 281px\" \/><span style=\"color: #800080;\">TESTIMONIOS EN EL \u00c1MBITO PEDAG\u00d3GICO<\/span><\/strong><\/em><\/span><\/p>\n<p><span style=\"font-family: 'trebuchet ms', geneva, sans-serif; color: #808080;\"><em>Cuando conoc\u00ed a Angelina qued\u00e9 muy impresionada por su personalidad. Hablar con ella da tranquilidad y paz. Lo impactante es su percepci\u00f3n sagrada de la vida: todo tiene una raz\u00f3n de ser y todo es un aprendizaje para ser mejor en la vida. Despu\u00e9s de haber estado con ella te sientes reconciliado contigo mismo y con el mundo. Me siento afortunada de haber trabajado con ella en proyectos pedag\u00f3gicos de cariz espiritual, porque he podido ver de primera mano el impacto que deja en las personas. Realmente te toca el alma\u2026<br \/>\n<\/em><\/span><span style=\"font-family: 'trebuchet ms', geneva, sans-serif; color: #808080;\"><em>Georgina Escalante<\/em><\/span><\/p>\n<p>&nbsp;<\/p>\n<p><span style=\"font-family: 'trebuchet ms', geneva, sans-serif; color: #808080;\"><img loading=\"lazy\" decoding=\"async\" class=\" wp-image-848 alignright\" src=\"http:\/\/laflordelavida.cat\/w\/wp-content\/uploads\/2021\/09\/angelet-fusta31569.jpg\" alt=\"\" width=\"89\" height=\"217\" \/><\/span><\/p>\n<p style=\"margin-top: 0cm;\"><span style=\"font-family: 'trebuchet ms', geneva, sans-serif; color: #808080;\"><em>Angelina es una muy buena maestra de \u00c9tica. Me ha ense\u00f1ado muchas cosas y, para m\u00ed, tambi\u00e9n ha sido una fuente de inspiraci\u00f3n. <\/em><em>Gracias a ella y sus conocimientos empec\u00e9 a escribir mi autobiograf\u00eda. Tambi\u00e9n nos hemos recomendado lecturas mutuas.<\/em><\/span><\/p>\n<p style=\"margin-top: 0cm;\"><span style=\"font-family: 'trebuchet ms', geneva, sans-serif; color: #808080;\"><em>Aram Vilalta<\/em><\/span><br \/>\n<span style=\"font-family: 'trebuchet ms', geneva, sans-serif; color: #808080;\"><em>Alumno de Angelina como maestra de Educaci\u00f3n en valores.<\/em><\/span><\/p>\n<p><img loading=\"lazy\" decoding=\"async\" class=\"alignnone size-full wp-image-675\" src=\"http:\/\/laflordelavida.cat\/w\/wp-content\/uploads\/2021\/07\/nenufars-tira-scaled.jpg\" alt=\"\" width=\"2560\" height=\"653\" \/><\/p>\n","protected":false},"excerpt":{"rendered":"<p>TESTIMONIOS BIOGRAF\u00cdA A Angelina, le tengo una profunda admiraci\u00f3n por todo lo que hace, desde donde lo hace, c\u00f3mo lo hace y c\u00f3mo lo transmite. Siendo capaz de generar espacios, donde las palabras tienen un significado y sentido que va m\u00e1s all\u00e1. Todo un camino&nbsp;<a class=\"read-more\" href=\"https:\/\/laflordelavida.cat\/w\/es\/testimonios\/\">&hellip;<\/a><\/p>\n","protected":false},"author":2,"featured_media":0,"parent":0,"menu_order":0,"comment_status":"closed","ping_status":"closed","template":"template-full.php","meta":{"footnotes":""},"class_list":["post-1642","page","type-page","status-publish","hentry"],"_links":{"self":[{"href":"https:\/\/laflordelavida.cat\/w\/wp-json\/wp\/v2\/pages\/1642","targetHints":{"allow":["GET"]}}],"collection":[{"href":"https:\/\/laflordelavida.cat\/w\/wp-json\/wp\/v2\/pages"}],"about":[{"href":"https:\/\/laflordelavida.cat\/w\/wp-json\/wp\/v2\/types\/page"}],"author":[{"embeddable":true,"href":"https:\/\/laflordelavida.cat\/w\/wp-json\/wp\/v2\/users\/2"}],"replies":[{"embeddable":true,"href":"https:\/\/laflordelavida.cat\/w\/wp-json\/wp\/v2\/comments?post=1642"}],"version-history":[{"count":17,"href":"https:\/\/laflordelavida.cat\/w\/wp-json\/wp\/v2\/pages\/1642\/revisions"}],"predecessor-version":[{"id":1829,"href":"https:\/\/laflordelavida.cat\/w\/wp-json\/wp\/v2\/pages\/1642\/revisions\/1829"}],"wp:attachment":[{"href":"https:\/\/laflordelavida.cat\/w\/wp-json\/wp\/v2\/media?parent=1642"}],"curies":[{"name":"wp","href":"https:\/\/api.w.org\/{rel}","templated":true}]}}