{"id":1635,"date":"2023-10-12T12:16:49","date_gmt":"2023-10-12T10:16:49","guid":{"rendered":"https:\/\/laflordelavida.cat\/w\/?page_id=1635"},"modified":"2023-10-22T20:16:26","modified_gmt":"2023-10-22T18:16:26","slug":"ceremonias","status":"publish","type":"page","link":"https:\/\/laflordelavida.cat\/w\/es\/ceremonias\/","title":{"rendered":"Ceremonias"},"content":{"rendered":"<p style=\"text-align: center;\"><div class='content-column one_fourth'><div style=\"padding-right:15px;\"><img decoding=\"async\" class=\"imgcol1 aligncenter\" src=\"http:\/\/laflordelavida.cat\/w\/wp-content\/uploads\/2023\/10\/IMG-20210730-WA0000-e1627639124121-300x289.jpg\" alt=\"\" \/><br \/><\/div><\/div><\/p>\n<p style=\"text-align: center;\"><div class='content-column one_fourth'><div style=\"padding-right:15px;\"><img decoding=\"async\" class=\"imgcol1 aligncenter\" src=\"http:\/\/laflordelavida.cat\/w\/wp-content\/uploads\/2021\/07\/IMG-20210730-WA0006-e1696659980664-300x289.jpg\" alt=\"\" \/><br \/><\/div><\/div><\/p>\n<p style=\"text-align: center;\"><div class='content-column one_fourth'><div style=\"padding-right:15px;\"><img decoding=\"async\" class=\"imgcol1 aligncenter\" src=\"http:\/\/laflordelavida.cat\/w\/wp-content\/uploads\/2021\/03\/IMG-20210303-WA0001-e1696660025924-249x300.jpg\" alt=\"\" width=\"237\" \/><br \/><\/div><\/div><\/p>\n<p style=\"text-align: center;\"><div class='content-column one_fourth last_column'><div style=\"padding-right:15px;\"><p style=\"text-align: center;\"><img loading=\"lazy\" decoding=\"async\" class=\"alignnone size-full wp-image-1823\" src=\"http:\/\/laflordelavida.cat\/w\/wp-content\/uploads\/2023\/10\/text-castella.jpg\" alt=\"\" width=\"251\" height=\"300\" \/><\/p>\n<p style=\"text-align: center;\"><\/div><\/div><div class='clear_column'><\/div><\/p>\n<p><em><span style=\"font-family: 'trebuchet ms', geneva, sans-serif;\"><span style=\"color: #808080;\">Angelina Esteve pone a disposici\u00f3n su experiencia en la creaci\u00f3n de<\/span> <span style=\"color: #800080;\"><strong>ceremonias personalizadas y \u00fanicas<\/strong><\/span><span style=\"color: #808080;\"> con la organizaci\u00f3n de actos que reflejan el sentimiento de las personas que lo realizan:\u00a0<\/span><span style=\"color: #800080;\"><strong>bodas, despedidas, cumplea\u00f1os de boda y celebraciones de cumplea\u00f1os especiales.<\/strong><\/span><\/span><\/em><\/p>\n<p><img loading=\"lazy\" decoding=\"async\" class=\"wp-image-458 alignleft\" src=\"http:\/\/laflordelavida.cat\/w\/wp-content\/uploads\/2021\/03\/DSCF1095-copy-e1614776344925.jpg\" alt=\"\" width=\"1303\" height=\"862\" \/><\/p>\n<p><em><span style=\"font-family: 'trebuchet ms', geneva, sans-serif; color: #808080;\">En este servicio Angelina acompa\u00f1a a los celebrantes desde la elecci\u00f3n del lugar, la disposici\u00f3n del espacio y la creaci\u00f3n del ambiente a que todos los gestos, rituales, lecturas y m\u00fasica tomen un sentido y una relaci\u00f3n entre ellos.<\/span><\/em><\/p>\n<p><img loading=\"lazy\" decoding=\"async\" class=\"alignnone size-full wp-image-665\" src=\"http:\/\/laflordelavida.cat\/w\/wp-content\/uploads\/2021\/07\/caliz-foto-per-cerimonies-scaled.jpg\" alt=\"\" width=\"2560\" height=\"1437\" \/><\/p>\n<p style=\"text-align: left;\"><em><span style=\"font-family: 'trebuchet ms', geneva, sans-serif;\"><span style=\"color: #808080;\">Haz de los momentos m\u00e1s importantes un reflejo de tu forma de ser.<span style=\"color: #800080;\"><strong> Tambi\u00e9n puede crear espacios simb\u00f3licos para simposios, conferencias o actos especiales<\/strong>.<\/span><\/span><\/span><\/em><\/p>\n<p style=\"text-align: center;\"><div class='content-column one_third'><div style=\"padding-right:15px;\"><img decoding=\"async\" class=\"imgcol2 aligncenter\" src=\"http:\/\/laflordelavida.cat\/w\/wp-content\/uploads\/2021\/05\/venus-escultura-new-282x300.jpg\" alt=\"\" \/><br \/><\/div><\/div><\/p>\n<p style=\"text-align: center;\"><div class='content-column one_third'><div style=\"padding-right:15px;\"><img decoding=\"async\" class=\"imgcol2 aligncenter\" src=\"http:\/\/laflordelavida.cat\/w\/wp-content\/uploads\/2021\/04\/2021-04-21-3-273x300.png\" \/><br \/><\/div><\/div><\/p>\n<p style=\"text-align: center;\"><div class='content-column one_third last_column'><div style=\"padding-right:15px;\"><img decoding=\"async\" class=\"imgcol2 aligncenter\" src=\"http:\/\/laflordelavida.cat\/w\/wp-content\/uploads\/2023\/10\/mostrant-nenufar-300x300.jpg\" alt=\"\" \/><br \/><\/div><\/div><div class='clear_column'><\/div><\/p>\n<p>&nbsp;<\/p>\n<p style=\"text-align: center;\"><div class='content-column one_half'><p style=\"text-align: center;\"><img decoding=\"async\" class=\"imgcol3 aligncenter\" src=\"http:\/\/laflordelavida.cat\/w\/wp-content\/uploads\/2020\/08\/candle_light_wallpapers_27-1-1-300x240.jpg\" alt=\"\" \/><br \/><\/div><\/p>\n<p style=\"text-align: center;\"><div class='content-column one_half last_column'><div style=\"padding-right:15px;\"><img decoding=\"async\" class=\"imgcol3 aligncenter\" src=\"http:\/\/laflordelavida.cat\/w\/wp-content\/uploads\/2020\/08\/ceremonia-2-1-300x158.png\" alt=\"\" \/><br \/><\/div><\/div><div class='clear_column'><\/div><\/p>\n<p style=\"text-align: center;\"><div class='content-column one_fourth'><div style=\"padding-right:15px;\"><\/div><\/div><\/p>\n<div class=\"gmail_default\" style=\"text-align: center;\"><span style=\"color: #800080;\"><em><span style=\"font-family: 'trebuchet ms', geneva, sans-serif;\"><span style=\"font-size: 14pt;\"><span style=\"font-size: 18pt;\">\u00a0<\/span><strong>\u00a1Haz eternos los momentos m\u00e1s importantes de tu vida!\u00a0<span style=\"color: #800080;\">Env\u00edame un correo a <a href=\"mailto:angelina@laflordelavida.cat\">angelina@laflordelavida.cat<\/a><\/span><\/strong><\/span><\/span><\/em><\/span><\/div>\n","protected":false},"excerpt":{"rendered":"<p>Angelina Esteve pone a disposici\u00f3n su experiencia en la creaci\u00f3n de ceremonias personalizadas y \u00fanicas con la organizaci\u00f3n de actos que reflejan el sentimiento de las personas que lo realizan:\u00a0bodas, despedidas, cumplea\u00f1os de boda y celebraciones de cumplea\u00f1os especiales. En este servicio Angelina acompa\u00f1a a&nbsp;<a class=\"read-more\" href=\"https:\/\/laflordelavida.cat\/w\/es\/ceremonias\/\">&hellip;<\/a><\/p>\n","protected":false},"author":2,"featured_media":0,"parent":0,"menu_order":0,"comment_status":"closed","ping_status":"closed","template":"template-full.php","meta":{"footnotes":""},"class_list":["post-1635","page","type-page","status-publish","hentry"],"_links":{"self":[{"href":"https:\/\/laflordelavida.cat\/w\/wp-json\/wp\/v2\/pages\/1635","targetHints":{"allow":["GET"]}}],"collection":[{"href":"https:\/\/laflordelavida.cat\/w\/wp-json\/wp\/v2\/pages"}],"about":[{"href":"https:\/\/laflordelavida.cat\/w\/wp-json\/wp\/v2\/types\/page"}],"author":[{"embeddable":true,"href":"https:\/\/laflordelavida.cat\/w\/wp-json\/wp\/v2\/users\/2"}],"replies":[{"embeddable":true,"href":"https:\/\/laflordelavida.cat\/w\/wp-json\/wp\/v2\/comments?post=1635"}],"version-history":[{"count":24,"href":"https:\/\/laflordelavida.cat\/w\/wp-json\/wp\/v2\/pages\/1635\/revisions"}],"predecessor-version":[{"id":1938,"href":"https:\/\/laflordelavida.cat\/w\/wp-json\/wp\/v2\/pages\/1635\/revisions\/1938"}],"wp:attachment":[{"href":"https:\/\/laflordelavida.cat\/w\/wp-json\/wp\/v2\/media?parent=1635"}],"curies":[{"name":"wp","href":"https:\/\/api.w.org\/{rel}","templated":true}]}}