{"id":1604,"date":"2023-10-12T11:45:00","date_gmt":"2023-10-12T09:45:00","guid":{"rendered":"https:\/\/laflordelavida.cat\/w\/?page_id=1604"},"modified":"2023-10-22T20:24:41","modified_gmt":"2023-10-22T18:24:41","slug":"estudi-biografic-cat","status":"publish","type":"page","link":"https:\/\/laflordelavida.cat\/w\/ca\/estudi-biografic-cat\/","title":{"rendered":"Estudi Biogr\u00e0fic"},"content":{"rendered":"<p><img loading=\"lazy\" decoding=\"async\" class=\"alignnone size-full wp-image-672\" src=\"http:\/\/laflordelavida.cat\/w\/wp-content\/uploads\/2021\/07\/foto-biografia-1-scaled-e1627642096250.jpg\" alt=\"\" width=\"2173\" height=\"1436\" srcset=\"https:\/\/laflordelavida.cat\/w\/wp-content\/uploads\/2021\/07\/foto-biografia-1-scaled-e1627642096250.jpg 2173w, https:\/\/laflordelavida.cat\/w\/wp-content\/uploads\/2021\/07\/foto-biografia-1-scaled-e1627642096250-300x198.jpg 300w, https:\/\/laflordelavida.cat\/w\/wp-content\/uploads\/2021\/07\/foto-biografia-1-scaled-e1627642096250-1024x677.jpg 1024w, https:\/\/laflordelavida.cat\/w\/wp-content\/uploads\/2021\/07\/foto-biografia-1-scaled-e1627642096250-768x508.jpg 768w, https:\/\/laflordelavida.cat\/w\/wp-content\/uploads\/2021\/07\/foto-biografia-1-scaled-e1627642096250-600x397.jpg 600w\" sizes=\"auto, (max-width: 2173px) 100vw, 2173px\" \/><\/p>\n<p style=\"text-align: center;\"><span style=\"font-family: 'trebuchet ms', geneva, sans-serif; color: #808080;\"><em>L\u2019estudi de la biografia ens ajuda a descobrir aquells <span style=\"color: #800080;\"><strong>prop\u00f2sits de vida<\/strong><\/span> que portem cadasc\u00fa de nosaltres i que donen<br \/>\n<span style=\"color: #800080;\"><strong>sentit a la nostra exist\u00e8ncia<\/strong><\/span>, <\/em><\/span><span style=\"font-family: 'trebuchet ms', geneva, sans-serif; color: #808080;\"><em>per\u00f2 que per manca d&#8217;atenci\u00f3 a un\/a mateix\/a no en som conscients.<\/em><\/span><\/p>\n<p>&nbsp;<\/p>\n<p style=\"text-align: center;\"><span style=\"font-size: 18pt; color: #800080; font-family: 'trebuchet ms', geneva, sans-serif;\"><em><strong>Descobreix el sentit de la teva vida!<\/strong><\/em><\/span><\/p>\n<p>&nbsp;<\/p>\n<p><img loading=\"lazy\" decoding=\"async\" class=\"wp-image-320 alignright\" src=\"http:\/\/laflordelavida.cat\/w\/wp-content\/uploads\/2021\/03\/DSCF0967-copy-e1614680759517.jpg\" alt=\"\" width=\"440\" height=\"346\" srcset=\"https:\/\/laflordelavida.cat\/w\/wp-content\/uploads\/2021\/03\/DSCF0967-copy-e1614680759517.jpg 1581w, https:\/\/laflordelavida.cat\/w\/wp-content\/uploads\/2021\/03\/DSCF0967-copy-e1614680759517-300x236.jpg 300w, https:\/\/laflordelavida.cat\/w\/wp-content\/uploads\/2021\/03\/DSCF0967-copy-e1614680759517-1024x807.jpg 1024w, https:\/\/laflordelavida.cat\/w\/wp-content\/uploads\/2021\/03\/DSCF0967-copy-e1614680759517-768x605.jpg 768w, https:\/\/laflordelavida.cat\/w\/wp-content\/uploads\/2021\/03\/DSCF0967-copy-e1614680759517-600x473.jpg 600w, https:\/\/laflordelavida.cat\/w\/wp-content\/uploads\/2021\/03\/DSCF0967-copy-e1614680759517-1536x1211.jpg 1536w\" sizes=\"auto, (max-width: 440px) 100vw, 440px\" \/><\/p>\n<p style=\"text-align: left;\"><span style=\"color: #808080;\"><em><span style=\"font-family: 'trebuchet ms', geneva, sans-serif;\"><span style=\"color: #800080;\"><strong>L&#8217;<\/strong><strong>Estudi Biogr\u00e0fic<\/strong><\/span>\u00a0posa en ordre els fets de la nostra vida des de l\u2019autoconsci\u00e8ncia, i aix\u00f2 sol ja \u00e9s sanador. Per\u00f2 tamb\u00e9 ens permet establir relacions entre els fets que ens han passat i poder aix\u00ed treure conclusions del\u00a0<\/span><\/em><\/span><\/p>\n<p style=\"text-align: left;\"><span style=\"color: #808080;\"><em><span style=\"font-family: 'trebuchet ms', geneva, sans-serif;\">sentit que tenen alguns cops del dest\u00ed que en el seu moment no v\u00e0rem entendre.<\/span><\/em><\/span><\/p>\n<p style=\"text-align: left;\"><span style=\"font-family: 'trebuchet ms', geneva, sans-serif; color: #808080;\"><em>Aquesta disciplina divideix els per\u00edodes de la vida en septennis<br \/>\no etapes de <\/em><\/span><span style=\"font-family: 'trebuchet ms', geneva, sans-serif; color: #808080;\"><em>set anys, cadascuna\u00a0 entesesa des d&#8217;unes lleis biogr\u00e0fiques on s\u2019esdevenen importants transformacions.<br \/>\nEl coneixement d\u2019aquests canvis -sovint acompanyats de crisis o moments decisius\u2013 <span style=\"color: #800080;\"><strong>ens fa redescobrir la pr\u00f2pia <\/strong><\/span><\/em><\/span><span style=\"font-family: 'trebuchet ms', geneva, sans-serif; color: #800080;\"><em><strong>vida des d\u2019una nova perspectiva<\/strong>.<\/em><\/span><\/p>\n<p><span style=\"font-family: 'trebuchet ms', geneva, sans-serif; color: #808080;\"><em>Un altre aspecte a tenir en compte \u00e9s que ens ajuden molt a entendre les <\/em><\/span><span style=\"font-family: 'trebuchet ms', geneva, sans-serif; color: #808080;\"><em>fases evolutives dels nostres fills per tal d\u2019acompanyar-los en el seu proc\u00e9s <\/em><\/span><span style=\"font-family: 'trebuchet ms', geneva, sans-serif; color: #808080;\"><em>de creixement amb el coneixement d\u2019all\u00f2 que els conv\u00e9 en cada etapa.<\/em><\/span><\/p>\n<p><img loading=\"lazy\" decoding=\"async\" class=\"alignnone size-full wp-image-372\" src=\"http:\/\/laflordelavida.cat\/w\/wp-content\/uploads\/2021\/03\/4-scaled.jpg\" alt=\"\" width=\"2560\" height=\"1300\" \/><\/p>\n<p><span style=\"font-family: 'trebuchet ms', geneva, sans-serif; color: #808080;\"><em>L\u2019Estudi Biogr\u00e0fic individual es treballa en diverses <span style=\"color: #800080;\"><strong>sessions d\u2019una hora i mitja<\/strong><\/span> cadascuna i en <span style=\"color: #800000;\"><strong><span style=\"color: #800080;\">intervals de dues<\/span> <span style=\"color: #800080;\">setmanes<\/span><\/strong><\/span>. A cada sessi\u00f3 s\u2019aprofundeix en un septenni de la vida (0 a 7,\u00a0 7 a 14, 14 a 21&#8230;).\u00a0 Entorn d&#8217;aquestes sessions, n\u2019hi ha una d\u2019inicial i una altra de cloenda.<\/em><\/span><\/p>\n<p><img loading=\"lazy\" decoding=\"async\" class=\"wp-image-1941 aligncenter\" src=\"http:\/\/laflordelavida.cat\/w\/wp-content\/uploads\/2023\/10\/bio-300x117.jpg\" alt=\"\" width=\"538\" height=\"210\" srcset=\"https:\/\/laflordelavida.cat\/w\/wp-content\/uploads\/2023\/10\/bio-300x117.jpg 300w, https:\/\/laflordelavida.cat\/w\/wp-content\/uploads\/2023\/10\/bio-1024x400.jpg 1024w, https:\/\/laflordelavida.cat\/w\/wp-content\/uploads\/2023\/10\/bio-768x300.jpg 768w, https:\/\/laflordelavida.cat\/w\/wp-content\/uploads\/2023\/10\/bio-600x234.jpg 600w, https:\/\/laflordelavida.cat\/w\/wp-content\/uploads\/2023\/10\/bio.jpg 1107w\" sizes=\"auto, (max-width: 538px) 100vw, 538px\" \/><\/p>\n<p style=\"text-align: center;\">\n<img loading=\"lazy\" decoding=\"async\" class=\"wp-image-96 aligncenter\" src=\"http:\/\/laflordelavida.cat\/w\/wp-content\/uploads\/2020\/08\/acuarela.jpg\" alt=\"\" width=\"517\" height=\"770\" \/><\/p>\n<p>&nbsp;<\/p>\n<p style=\"text-align: center;\"><span style=\"color: #800080;\"><em><span style=\"font-family: 'trebuchet ms', geneva, sans-serif;\"><strong><span style=\"font-size: 14pt;\">Et convido a iniciar aquest cam\u00ed&#8230; E<\/span><span style=\"font-size: 14pt; color: #993366;\">nvia&#8217;m un correu a<\/span><\/strong><\/span><span style=\"color: #993366;\"><strong><span style=\"font-size: 14pt;\"><span style=\"font-family: 'trebuchet ms', geneva, sans-serif;\">\u00a0<a style=\"color: #993366;\" href=\"mailto:angelina@laflordelavida.cat\">angelina@laflordelavida.cat<\/a><\/span><\/span><\/strong><\/span><\/em><\/span><\/p>\n","protected":false},"excerpt":{"rendered":"<p>L\u2019estudi de la biografia ens ajuda a descobrir aquells prop\u00f2sits de vida que portem cadasc\u00fa de nosaltres i que donen sentit a la nostra exist\u00e8ncia, per\u00f2 que per manca d&#8217;atenci\u00f3 a un\/a mateix\/a no en som conscients. &nbsp; Descobreix el sentit de la teva vida!&nbsp;<a class=\"read-more\" href=\"https:\/\/laflordelavida.cat\/w\/ca\/estudi-biografic-cat\/\">&hellip;<\/a><\/p>\n","protected":false},"author":2,"featured_media":0,"parent":0,"menu_order":0,"comment_status":"closed","ping_status":"closed","template":"template-full.php","meta":{"footnotes":""},"class_list":["post-1604","page","type-page","status-publish","hentry"],"_links":{"self":[{"href":"https:\/\/laflordelavida.cat\/w\/wp-json\/wp\/v2\/pages\/1604","targetHints":{"allow":["GET"]}}],"collection":[{"href":"https:\/\/laflordelavida.cat\/w\/wp-json\/wp\/v2\/pages"}],"about":[{"href":"https:\/\/laflordelavida.cat\/w\/wp-json\/wp\/v2\/types\/page"}],"author":[{"embeddable":true,"href":"https:\/\/laflordelavida.cat\/w\/wp-json\/wp\/v2\/users\/2"}],"replies":[{"embeddable":true,"href":"https:\/\/laflordelavida.cat\/w\/wp-json\/wp\/v2\/comments?post=1604"}],"version-history":[{"count":8,"href":"https:\/\/laflordelavida.cat\/w\/wp-json\/wp\/v2\/pages\/1604\/revisions"}],"predecessor-version":[{"id":1942,"href":"https:\/\/laflordelavida.cat\/w\/wp-json\/wp\/v2\/pages\/1604\/revisions\/1942"}],"wp:attachment":[{"href":"https:\/\/laflordelavida.cat\/w\/wp-json\/wp\/v2\/media?parent=1604"}],"curies":[{"name":"wp","href":"https:\/\/api.w.org\/{rel}","templated":true}]}}