{"id":132,"date":"2020-08-18T23:13:36","date_gmt":"2020-08-18T21:13:36","guid":{"rendered":"http:\/\/biografia.cat\/w\/?page_id=132"},"modified":"2023-10-17T19:43:10","modified_gmt":"2023-10-17T17:43:10","slug":"cerimonies","status":"publish","type":"page","link":"https:\/\/laflordelavida.cat\/w\/ca\/cerimonies\/","title":{"rendered":"Cerim\u00f2nies&#8211;"},"content":{"rendered":"<p><img loading=\"lazy\" decoding=\"async\" class=\"wp-image-658 alignleft\" src=\"http:\/\/laflordelavida.cat\/w\/wp-content\/uploads\/2021\/07\/IMG-20210730-WA0000-e1627639124121.jpg\" alt=\"\" width=\"299\" height=\"287\" \/>\u00a0 <img loading=\"lazy\" decoding=\"async\" class=\"wp-image-659 alignleft\" src=\"http:\/\/laflordelavida.cat\/w\/wp-content\/uploads\/2021\/07\/IMG-20210730-WA0006-e1627639224323.jpg\" alt=\"\" width=\"281\" height=\"289\" \/> <img loading=\"lazy\" decoding=\"async\" class=\"wp-image-446 alignleft\" src=\"http:\/\/laflordelavida.cat\/w\/wp-content\/uploads\/2021\/03\/IMG-20210303-WA0001.jpg\" alt=\"\" width=\"218\" height=\"290\" \/><\/p>\n<p>&nbsp;<\/p>\n<p>&nbsp;<\/p>\n<p style=\"text-align: center;\"><span style=\"font-family: 'trebuchet ms', geneva, sans-serif; color: #800080; font-size: 18pt;\"><strong><em>\u00a1Haz eternos<br \/>\n<\/em><\/strong><strong><em>los momentos<br \/>\nm\u00e1s importantes<br \/>\nde tu vida!<\/em><\/strong><\/span><\/p>\n<p>&nbsp;<\/p>\n<p>&nbsp;<\/p>\n<p><em><span style=\"font-family: 'trebuchet ms', geneva, sans-serif;\"><span style=\"color: #808080;\">Angelina Esteve posa a disposici\u00f3 la seva experi\u00e8ncia en la creaci\u00f3 de<\/span> <span style=\"color: #800080;\"><strong>cerim\u00f2nies personalitzades<\/strong> <strong>i \u00faniques<\/strong><\/span><span style=\"color: #808080;\"> amb l&#8217;organitzaci\u00f3 d&#8217;actes que reflecteixen el sentiment de les persones que el realitzen:\u00a0<\/span><span style=\"color: #800000;\"><strong>c<span style=\"color: #800080;\">asaments, comiats, aniversaris de noces i celebracions d&#8217;aniversaris especials<\/span><\/strong><span style=\"color: #800080;\">.<\/span><\/span><\/span><\/em><\/p>\n<p><img loading=\"lazy\" decoding=\"async\" class=\"wp-image-458 alignleft\" src=\"http:\/\/laflordelavida.cat\/w\/wp-content\/uploads\/2021\/03\/DSCF1095-copy-e1614776344925.jpg\" alt=\"\" width=\"1303\" height=\"862\" \/><\/p>\n<p><em><span style=\"font-family: 'trebuchet ms', geneva, sans-serif; color: #808080;\">En aquest servei l&#8217;Angelina acompanya els celebrants des de l&#8217;elecci\u00f3 del lloc, la disposici\u00f3 de l&#8217;espai i la creaci\u00f3 de l&#8217;ambient a fer que tots els gestos, rituals, lectures i m\u00fasica prenguin un sentit i una relaci\u00f3 amb ells.<\/span><\/em><\/p>\n<p><img loading=\"lazy\" decoding=\"async\" class=\"alignnone size-full wp-image-665\" src=\"http:\/\/laflordelavida.cat\/w\/wp-content\/uploads\/2021\/07\/caliz-foto-per-cerimonies-scaled.jpg\" alt=\"\" width=\"2560\" height=\"1437\" \/><\/p>\n<p style=\"text-align: left;\"><em><span style=\"font-family: 'trebuchet ms', geneva, sans-serif;\"><span style=\"color: #808080;\">Fes dels moments m\u00e9s importants un reflex de la teva manera de ser.<span style=\"color: #800080;\"><strong> Tamb\u00e9 pot crear espais simb\u00f2lics per simposis, confer\u00e8ncies o actes especials<\/strong>.<\/span><\/span><\/span><\/em><\/p>\n<p><img loading=\"lazy\" decoding=\"async\" class=\"alignnone wp-image-616\" src=\"http:\/\/laflordelavida.cat\/w\/wp-content\/uploads\/2021\/05\/venus-escultura-new.jpg\" alt=\"\" width=\"338\" height=\"356\" \/>\u00a0 \u00a0 \u00a0 \u00a0<img loading=\"lazy\" decoding=\"async\" class=\"alignnone wp-image-603\" src=\"http:\/\/laflordelavida.cat\/w\/wp-content\/uploads\/2021\/04\/2021-04-21-3.png\" alt=\"\" width=\"312\" height=\"347\" \/>\u00a0 \u00a0<img loading=\"lazy\" decoding=\"async\" class=\"wp-image-673 alignright\" src=\"http:\/\/laflordelavida.cat\/w\/wp-content\/uploads\/2021\/07\/mostrant-nenufar.jpg\" alt=\"\" width=\"350\" height=\"351\" \/><\/p>\n<p><img loading=\"lazy\" decoding=\"async\" class=\"wp-image-52 alignleft\" src=\"http:\/\/laflordelavida.cat\/w\/wp-content\/uploads\/2020\/08\/candle_light_wallpapers_27.jpg\" alt=\"\" width=\"226\" height=\"178\" \/>\u00a0<img loading=\"lazy\" decoding=\"async\" class=\"wp-image-169 alignnone\" src=\"http:\/\/laflordelavida.cat\/w\/wp-content\/uploads\/2020\/08\/production_1541634832654-cfos30srtha-58188c7c8533416ed47ec8d2e782fdee-1.png\" alt=\"\" width=\"336\" height=\"174\" \/> <img loading=\"lazy\" decoding=\"async\" class=\"wp-image-56 alignnone\" src=\"http:\/\/laflordelavida.cat\/w\/wp-content\/uploads\/2020\/08\/flame-3307216_960_720.jpg\" alt=\"\" width=\"267\" height=\"173\" \/><img loading=\"lazy\" decoding=\"async\" class=\"wp-image-449 alignright\" src=\"http:\/\/laflordelavida.cat\/w\/wp-content\/uploads\/2021\/03\/DSCF0689-copy-scaled-e1614776029117.jpg\" alt=\"\" width=\"222\" height=\"174\" \/><\/p>\n<div class=\"gmail_default\"><span style=\"color: #800080;\">\u00a0 <em>\u00a0 \u00a0<span style=\"font-family: 'trebuchet ms', geneva, sans-serif;\"> \u00a0 \u00a0 \u00a0 \u00a0<span style=\"font-size: 14pt;\"><span style=\"font-size: 18pt;\">\u00a0 \u00a0 \u00a0<\/span><strong>Fes eterns els moments m\u00e9s importants de la teva vida! \u00a0E<span style=\"color: #993366;\">nvia&#8217;m un correu a angelina@laflordelavida.cat<\/span><\/strong><\/span><\/span><\/em><\/span><\/div>\n","protected":false},"excerpt":{"rendered":"<p>\u00a0 &nbsp; &nbsp; \u00a1Haz eternos los momentos m\u00e1s importantes de tu vida! &nbsp; &nbsp; Angelina Esteve posa a disposici\u00f3 la seva experi\u00e8ncia en la creaci\u00f3 de cerim\u00f2nies personalitzades i \u00faniques amb l&#8217;organitzaci\u00f3 d&#8217;actes que reflecteixen el sentiment de les persones que el realitzen:\u00a0casaments, comiats, aniversaris&nbsp;<a class=\"read-more\" href=\"https:\/\/laflordelavida.cat\/w\/ca\/cerimonies\/\">&hellip;<\/a><\/p>\n","protected":false},"author":3,"featured_media":0,"parent":0,"menu_order":0,"comment_status":"closed","ping_status":"closed","template":"template-full.php","meta":{"footnotes":""},"class_list":["post-132","page","type-page","status-publish","hentry"],"_links":{"self":[{"href":"https:\/\/laflordelavida.cat\/w\/wp-json\/wp\/v2\/pages\/132","targetHints":{"allow":["GET"]}}],"collection":[{"href":"https:\/\/laflordelavida.cat\/w\/wp-json\/wp\/v2\/pages"}],"about":[{"href":"https:\/\/laflordelavida.cat\/w\/wp-json\/wp\/v2\/types\/page"}],"author":[{"embeddable":true,"href":"https:\/\/laflordelavida.cat\/w\/wp-json\/wp\/v2\/users\/3"}],"replies":[{"embeddable":true,"href":"https:\/\/laflordelavida.cat\/w\/wp-json\/wp\/v2\/comments?post=132"}],"version-history":[{"count":4,"href":"https:\/\/laflordelavida.cat\/w\/wp-json\/wp\/v2\/pages\/132\/revisions"}],"predecessor-version":[{"id":1822,"href":"https:\/\/laflordelavida.cat\/w\/wp-json\/wp\/v2\/pages\/132\/revisions\/1822"}],"wp:attachment":[{"href":"https:\/\/laflordelavida.cat\/w\/wp-json\/wp\/v2\/media?parent=132"}],"curies":[{"name":"wp","href":"https:\/\/api.w.org\/{rel}","templated":true}]}}